of 1663267620?
2, 3, 5, 7, 3960161
List the prime factors of 436055035.
5, 13, 19, 353081
What are the prime factors of 1376311895?
5, 7, 277, 141961
What are the prime factors of 2983415619?
3, 994471873
What are the prime factors of 7468023?
3, 2489341
What are the prime factors of 187540377?
3, 3671, 17029
What are the prime factors of 90402048?
2, 3, 11, 29, 41
List the prime factors of 302266712.
2, 11, 61, 5119
List the prime factors of 9933866.
2, 283, 17551
What are the prime factors of 21320479?
21320479
What are the prime factors of 16080989?
16080989
What are the prime factors of 390517208?
2, 1229, 39719
List the prime factors of 147628648.
2, 197, 283, 331
What are the prime factors of 46967657?
11, 4269787
List the prime factors of 247230791.
247230791
List the prime factors of 10969287.
3, 7, 71, 1051
What are the prime factors of 16381665?
3, 5, 29, 12553
List the prime factors of 21920671.
21920671
What are the prime factors of 86145781?
167, 515843
List the prime factors of 228319338.
2, 3, 13, 225167
List the prime factors of 2361073.
11, 13, 19, 79
List the prime factors of 58307538.
2, 3, 9717923
List the prime factors of 487653146.
2, 317, 769169
List the prime factors of 115965843.
3, 7, 89, 62047
What are the prime factors of 153330315?
3, 5, 263, 38867
What are the prime factors of 332468394?
2, 3, 6203, 8933
What are the prime factors of 1377590152?
2, 23, 31, 241513
What are the prime factors of 579624096?
2, 3, 373, 16187
List the prime factors of 47866687.
11, 97, 113, 397
What are the prime factors of 7113231290?
2, 5, 11, 17, 3803867
What are the prime factors of 144229556?
2, 36057389
List the prime factors of 361272739.
361272739
What are the prime factors of 292585694?
2, 137, 1067831
What are the prime factors of 61412107?
53, 1158719
List the prime factors of 368826654.
2, 3, 7, 31, 283277
What are the prime factors of 403421789?
403421789
What are the prime factors of 192515419?
271, 710389
List the prime factors of 141581933.
17, 199, 41851
List the prime factors of 47664237.
3, 15888079
What are the prime factors of 41748535?
5, 8349707
What are the prime factors of 1069006?
2, 269, 1987
List the prime factors of 412376030.
2, 5, 11, 653, 5741
What are the prime factors of 856116338?
2, 7, 11, 113453
List the prime factors of 462377474.
2, 13, 73, 243613
List the prime factors of 17456589.
3, 1939621
List the prime factors of 249856138.
2, 7, 1531, 11657
List the prime factors of 633124127.
19973, 31699
List the prime factors of 163309092.
2, 3, 29, 469279
List the prime factors of 171276061.
11, 83, 187597
List the prime factors of 382284665.
5, 7, 10922419
List the prime factors of 577868234.
2, 288934117
What are the prime factors of 980242287?
3, 17, 433, 44389
List the prime factors of 1175548728.
2, 3, 48981197
List the prime factors of 407452838.
2, 13, 17, 921839
List the prime factors of 47820973.
47820973
List the prime factors of 224276891.
224276891
What are the prime factors of 228751823?
521, 439063
What are the prime factors of 2018574209?
2018574209
List the prime factors of 58781847.
3, 67, 109, 2683
What are the prime factors of 455084356?
2, 17, 29, 230773
List the prime factors of 142715765.
5, 17, 1679009
List the prime factors of 3712769811.
3, 137509993
What are the prime factors of 78090285?
3, 5, 7, 13, 19, 3011
List the prime factors of 82070684.
2, 41, 500431
List the prime factors of 78603584.
2, 1228181
What are the prime factors of 82755560?
2, 5, 29, 71341
What are the prime factors of 803681292?
2, 3, 29, 37, 62417
What are the prime factors of 257675749?
17, 607, 24971
List the prime factors of 399796996.
2, 673, 148513
List the prime factors of 29452899.
3, 7, 1402519
List the prime factors of 406631595.
3, 5, 547, 49559
List the prime factors of 61854568.
2, 17, 41, 11093
List the prime factors of 3905940057.
3, 1301980019
What are the prime factors of 656907395?
5, 941, 139619
What are the prime factors of 207039092?
2, 13, 79, 101, 499
What are the prime factors of 1009135983?
3, 336378661
What are the prime factors of 48628289?
83, 585883
What are the prime factors of 108183666?
2, 3, 41, 439771
List the prime factors of 263406463.
683, 385661
List the prime factors of 424284419.
13, 17, 1919839
What are the prime factors of 437305954?
2, 47, 139, 33469
List the prime factors of 55097294.
2, 7, 3935521
What are the prime factors of 81030668?
2, 19, 661, 1613
What are the prime factors of 2873314190?
2, 5, 4889, 58771
What are the prime factors of 10626529?
19, 23, 24317
What are the prime factors of 1304294954?
2, 199, 3277123
List the prime factors of 846477461.
151, 5605811
What are the prime factors of 173377347?
3, 11, 13, 277, 1459
List the prime factors of 818606684.
2, 7, 29235953
What are the prime factors of 841611346?
2, 19, 41, 540187
What are the prime factors of 352245218?
2, 13, 19, 97, 7351
List the prime factors of 2076053873.
47, 44171359
List the prime factors of 104002504.
2, 19, 23, 71, 419
What are the prime factors of 556702713?
3, 7, 823, 1193
List the prime factors of 6331432105.
5, 29, 2579, 16931
List the prime factors of 205141323.
3, 47, 53, 97, 283
List the prime factors of 71663116.
2, 7, 2559397
What are the prime factors of 3622898280?
2, 3, 5, 101, 337, 887
List the prime factors of 2433229177.
2433229177
List the prime factors of 540335717.
16693, 32369
List the prime factors of 1477093138.
2, 738546569
What are the prime factors of 51569451?
3, 163, 35153
What are the prime factors of 1364624238?
2, 3, 17, 41, 326309
List the prime factors of 3199573701.
3, 149, 2385961
List the prime factors of 138364875.
3, 5, 11, 3727
List the prime factors of 1403102153.
103, 13622351
List the prime factors of 1812827278.
2, 19, 47705981
List the prime factors of 88112613.
3, 29370871
List the prime factors of 81065428.
2, 101, 200657
What are the prime factors of 88230233?
7, 13, 47, 421
What are the prime factors of 60349160?
2, 5, 1508729
What are the prime factors of 3034697784?
2, 3, 19, 61, 79, 1381
List the prime factors of 243403659.
3, 587, 46073
What are the prime factors of 29813959?
7, 463, 9199
List the prime factors of 1732599008.
2, 7, 7734817
List the prime factors of 737722730.
2, 5, 1433, 51481
What are the prime factors of 17144003?
17144003
What are the prime factors of 288205754?
2, 863, 166979
List the prime factors of 148614083.
148614083
List the prime factors of 22970472.
2, 3, 7, 73, 1873
List the prime factors of 48013141.
11, 31, 103, 1367
List the prime factors of 57991439.
11, 19, 293, 947
What are the prime factors of 743671582?
2, 371835791
What are the prime factors of 104403473?
269, 388117
What are the prime factors of 433673048?
2, 2543, 21317
List the prime factors of 923310790.
2, 5, 7649, 12071
List the prime factors of 596477050.
2, 5, 13, 70589
What are the prime factors of 131979771?
3, 7, 11, 43, 103
List the prime factors of 1058043009.
3, 37, 9531919
List the prime factors of 49503939.
3, 83, 198811
List the prime factors of 307972050.
2, 3, 5, 151, 13597
List the prime factors of 1322428203.
3, 146936467
List the prime factors of 825067193.
825067193
What are the prime factors of 1681251703?
17, 67, 22031
List the prime factors of 29597383.
19, 61, 25537
List the prime factors of 1335972.
2, 3, 11, 29, 349
What are the prime factors of 260350631?
17, 73, 193, 1087
List the prime factors of 137495295.
3, 5, 7, 43, 10151
What are the prime factors of 1304796192?
2, 3, 7, 223, 8707
What are the prime factors of 500588523?
3, 359, 154933
List the prime factors of 767367900.
2, 3, 5, 13, 65587
What are the prime factors of 2906933198?
2, 13, 163, 281, 2441
What are the prime factors of 532198256?
2, 29, 39551
What are the prime factors of 159288012?
2, 3, 13, 113453
What are the prime factors of 1359090046?
2, 29, 23432587
List the prime factors of 543086229.
3, 7, 349, 74101
List the prime factors of 343570928.
2, 509, 42187
List the prime factors of 4764351879.
3, 7, 37, 32443
What are the prime factors of 6999122576?
2, 437445161
List the prime factors of 42813300.
2, 3, 5, 142711
What are the prime factors of 1460355045?
3, 5, 641, 151883
List the prime factors of 295808492.
2, 7, 19, 79433
What a